 2 = 3*l. Suppose u = -h, 115 = 4*s - 2*h + 27. Calculate the highest common factor of 336 and s.
21
Let d = -12229 - -12337. What is the greatest common factor of d and 945?
27
Suppose -9*k + 133 - 142 = 0. Let l(s) = -42*s**3 + 3*s**2 + 8*s + 6. Let n be l(k). What is the greatest common factor of n and 1?
1
Suppose -2067 = -19*q + 441. What is the greatest common divisor of q and 3564?
132
Suppose 68 = -z + 2*z - 4*j, -3*z + 172 = 4*j. Let h(k) = 19*k - 28. Let r be h(7). What is the highest common divisor of r and z?
15
Let b be (-2)/(-4)*2/(-2)*6. Let k be 248/6 - (-1)/b. Suppose -5*j + 241 - k = 0. What is the highest common divisor of 100 and j?
20
Suppose 4846*h - 2660 = 4826*h. What is the greatest common divisor of h and 7315?
133
Let s = -6395 + 7568. What is the greatest common factor of s and 561?
51
Suppose -418 = 15*f + 497. Let x = -49 - f. Let l = 57 + -27. What is the greatest common divisor of l and x?
6
Suppose o + 30 = 18. Let s be ((-6)/(o/(-19)))/((-4)/120). What is the greatest common divisor of s and 30?
15
Let c be (2 - 33/9)*(-1 + -2). Suppose 8 = c*p - 7. Suppose 54 = 3*o + p*o. Calculate the greatest common factor of o and 27.
9
Let k = -523 - -465. Let w = 73 + k. Calculate the highest common factor of w and 105.
15
Suppose 0 = 10*z - 0 - 10. Let g be 33557/69 - z/3. Calculate the highest common divisor of 6 and g.
6
Let k(d) = 6*d + 160. Let r be k(-14). What is the highest common divisor of r and 32?
4
Let q = 2 - 0. Let f(l) = -65*l - 901. Let u be f(-14). Calculate the highest common divisor of u and q.
1
Let t(u) = u**3 + 36*u**2 + 232*u + 20. Let i be t(-26). Let v(f) = 3*f + 13. Let d be v(7). What is the greatest common divisor of d and i?
34
Let v be ((-6)/(-1) - -1105) + (-252)/36. What is the highest common factor of v and 621?
69
Suppose -2*f - r = -1530, f - 5*r = -10*r + 747. Suppose 5*l = 4*l + 13. Calculate the highest common divisor of l and f.
13
Let t be 3406/(-65) - (-3)/(-5). Let v = -59 - t. Let m = v - -12. What is the highest common divisor of 8 and m?
2
Let r = 240 + -223. Suppose 8*g = -r*g + 275. Let b = 64 + -31. What is the greatest common factor of g and b?
11
Suppose -8554 = -5*l - 4*r, l - 1715 = 1138*r - 1143*r. What is the greatest common factor of 90 and l?
90
Suppose -3*q - 3*o = -1158, 3*q - 41*o + 45*o - 1162 = 0. What is the greatest common factor of q and 2?
2
Let i = -78 + 78. Suppose i = -t + 3*m - m + 46, 2*t + 3*m = 99. Calculate the highest common factor of 48 and t.
48
Let o = -59 - -76. Suppose -21*y + 24 = -o*y. Suppose y*f - 87 = 3*f. Calculate the highest common divisor of f and 261.
29
Let b(q) be the first derivative of 7*q**2 - 104*q - 37. Let g be b(9). What is the highest common divisor of 44 and g?
22
Suppose 5*b - 29 = -2*z, 3*b - 8*z + 9*z = 17. Let t be 603/(-6)*(3 - b). Suppose -t = -7*f + 219. Calculate the highest common divisor of f and 24.
12
Let x(k) be the second derivative of 2/3*k**4 - 20*k + 0 + 0*k**2 - 1/6*k**3. Let q be x(2). Calculate the highest common factor of q and 12.
6
Let r(c) = -44*c - 28. Let v be r(-1). Let u = v + 154. What is the greatest common factor of 102 and u?
34
Suppose 4*w - 51 = 5*d - 2, 0 = -5*w + 5*d + 55. Let b = -255015 - -255093. Calculate the highest common divisor of b and w.
6
Let v = -11 - -14. Suppose v*w = f + 5 - 40, -3*f + 3*w + 87 = 0. Let s = 470 - 262. What is the highest common divisor of s and f?
26
Let t(y) = 192*y + 3. Let l = -68 - -69. Let k be t(l). What is the greatest common factor of k and 15?
15
Let u = 527 + -348. Let z be (1 + -8 - u)*1/(-3). What is the greatest common factor of z and 868?
62
Let h(x) be the first derivative of -11*x**2 + 17*x + 32. Let m be h(-4). What is the greatest common factor of m and 120?
15
Let m(v) = -3*v + 17. Let q be m(4). Let i be 1 - (-80)/(q/(-1)). Let u = i - -22. Calculate the greatest common factor of 14 and u.
7
Suppose -2470 = -77*l - 101 + 1250. Calculate the highest common factor of 64719 and l.
47
Let k be ((-2)/4)/(-7 - (-75)/10). Let j(i) = -95*i + 10. Let m be j(k). Calculate the greatest common factor of 14 and m.
7
Suppose 0 = 6*k + 54 - 72. Suppose -v + 11*q = 6*q - 50, 4*q + 117 = k*v. Calculate the greatest common divisor of v and 175.
35
Suppose -20*u + 21637 = 3517. What is the highest common divisor of 6 and u?
6
Let d be -23 - (-29)/(203/182). Suppose 0*a - 16 = -2*a. Suppose -2*s + y = -a, -3*s - y + 15 = -4*y. Calculate the greatest common divisor of d and s.
3
Let y be (-2 - (-8)/6)*6. Let n be (54/12 + y)/((-2)/(-24)). Calculate the greatest common divisor of 150 and n.
6
Suppose 0 = d + 8*d + 26*d. Let u be (-8184)/(-15) + (12/30 - d). Calculate the highest common divisor of 42 and u.
42
Let l be (-1 - (-17 + 17))*(-3 + 0 + -17). What is the highest common factor of l and 2230?
10
Let x = -20531 - -29459. What is the greatest common factor of x and 72?
72
Let u = 16 - -225. Suppose u = 10*d - 199. Calculate the greatest common divisor of 44 and d.
44
Let w(g) = -2*g + 7. Let n be w(-15). Let c be 74/n - (-1 + -393). Calculate the greatest common divisor of c and 36.
36
Let m be ((-80)/48)/(3/(-693)). Calculate the greatest common divisor of m and 22.
11
Let l be (10/30)/((-2)/(-2172)). Let s = l + -263. Calculate the greatest common divisor of s and 27.
9
Let s(d) be the second derivative of -d**3 - 2*d - 1/4*d**4 + 0 + 8*d**2 + 1/20*d**5. Let p be s(6). Calculate the highest common divisor of 22 and p.
22
Let r be 273 - (-2)/((-1)/(-1)). Let u = 11307 + -11296. Calculate the greatest common factor of r and u.
11
Let p(m) = 210*m + 3015. Let l be p(-14). Let f be (2/4)/((-6)/(-3900)). What is the greatest common divisor of f and l?
25
Let a(d) = d**2 - 15*d + 25. Let h be a(16). Let s = -21 + h. What is the greatest common divisor of s and 4?
4
Let c(z) = -3*z**3 + z**2 - 6*z + 26. Let x be c(0). Let b(s) = -3*s**2 + 80*s + 13. Let m be b(x). Calculate the greatest common divisor of 40 and m.
5
Let u be 1/(-2) + 42/4. Let a = -1150 + 1152. Let q be u/5 + (6 + 0)/a. What is the highest common factor of 15 and q?
5
Suppose 33*n = 31*n + 50. Suppose 0 = 5*a + 3*o + n, -13 = 3*a + 3*o + 2. Let j be 1 + (69 - a) + 1*2. Calculate the highest common factor of 11 and j.
11
Let z be 4/(10 - (-5)/(320/(-632))). What is the highest common factor of 172 and z?
4
Let g be (-412)/1442 - ((-164826)/14 + 8/(-4)). What is the greatest common divisor of g and 25?
25
Suppose 9 = -3*i, m - 7*i - 24 = -2*i. Suppose 9*f - 6*f = -m. Let x(z) = -8*z**3 + z**2 + z + 3. Let g be x(f). What is the greatest common factor of 90 and g?
45
Suppose 5*n - 38 - 17 = -5*v, 5*v - 27 = 2*n. Let t = -115 + 117. Suppose -2*c = -t, -4*k = -3*c + c - 54. Calculate the highest common divisor of v and k.
7
Let b = 4040 - 3508. Calculate the highest common factor of b and 1254.
38
Suppose -7*z + 31 = 10. Suppose 0*t - a = t - 46, -z*a = 0. What is the greatest common factor of 253 and t?
23
Suppose 5*z - 496 = 2*h, -237*z + h + 101 = -236*z. What is the greatest common factor of z and 1988?
14
Let i(r) = -289*r + 3571. Let p be i(-37). What is the highest common divisor of p and 8?
8
Let m = 7638 - 7599. Calculate the highest common divisor of 663 and m.
39
Let c be (-321)/54*-4 - (-12)/54. Let u be 78/16 + (-2 - (-51)/c). Let a be -7*((-508)/140 - (-1)/u). Calculate the highest common divisor of 168 and a.
24
Suppose -2096*c = -1942*c - 22176. Suppose -v - 5*t = -83, v + t + 15 = 82. What is the highest common factor of v and c?
9
Suppose 0 = 4*a + 4*l - 6928, 4*a = -2*l + 2978 + 3944. What is the greatest common divisor of a and 91?
91
Let v = 144 - -40. Let b be v - 7 - (-2 - 1). What is the greatest common divisor of 135 and b?
45
Suppose 24*r - 34763 = -r - 2463. Calculate the highest common divisor of 1088 and r.
68
Suppose -13*f = 17*f - 7*f - 54510. Calculate the highest common factor of f and 150.
30
Let k(y) = -22*y**2 + 377*y - 94. Let l be k(16). Calculate the greatest common factor of 3638 and l.
34
Let g(z) = -2*z**3 + z**2 + z + 2. Let i be g(-4). Let j(h) = 2*h**3 - 288*h**2 - 294*h + 651. Let b be j(145). What is the highest common divisor of b and i?
71
Let z be -1*(-1 + 0)*4. Let k = -2420 + 2425. Suppose k*f = -z + 74. Calculate the greatest common divis